{"id":202,"date":"2025-05-21T13:40:03","date_gmt":"2025-05-21T13:40:03","guid":{"rendered":"http:\/\/maltrak.pl\/?page_id=202"},"modified":"2025-05-21T13:57:50","modified_gmt":"2025-05-21T13:57:50","slug":"p","status":"publish","type":"page","link":"https:\/\/maltrak.pl\/?page_id=202","title":{"rendered":"Autoryzowany Przedstawiciel Remmers"},"content":{"rendered":"\t\t<div data-elementor-type=\"wp-page\" data-elementor-id=\"202\" class=\"elementor elementor-202\">\n\t\t\t\t\t\t<section class=\"elementor-section elementor-top-section elementor-element elementor-element-162ea1a elementor-section-boxed elementor-section-height-default elementor-section-height-default\" data-id=\"162ea1a\" data-element_type=\"section\">\n\t\t\t\t\t\t<div class=\"elementor-container elementor-column-gap-default\">\n\t\t\t\t\t<div class=\"elementor-column elementor-col-100 elementor-top-column elementor-element elementor-element-c580bb7\" data-id=\"c580bb7\" data-element_type=\"column\">\n\t\t\t<div class=\"elementor-widget-wrap elementor-element-populated\">\n\t\t\t\t\t\t<div class=\"elementor-element elementor-element-9054d68 elementor-widget elementor-widget-heading\" data-id=\"9054d68\" data-element_type=\"widget\" data-widget_type=\"heading.default\">\n\t\t\t\t<div class=\"elementor-widget-container\">\n\t\t\t\t\t<h1 class=\"elementor-heading-title elementor-size-default\">Przedstawicielstwo Remmers - produkty dla bran\u017cy budowlanej i drzewnej<\/h1>\t\t\t\t<\/div>\n\t\t\t\t<\/div>\n\t\t\t\t\t<\/div>\n\t\t<\/div>\n\t\t\t\t\t<\/div>\n\t\t<\/section>\n\t\t\t\t<section class=\"elementor-section elementor-top-section elementor-element elementor-element-f15f70e elementor-section-boxed elementor-section-height-default elementor-section-height-default\" data-id=\"f15f70e\" data-element_type=\"section\" data-settings=\"{&quot;background_background&quot;:&quot;classic&quot;}\">\n\t\t\t\t\t\t<div class=\"elementor-container elementor-column-gap-default\">\n\t\t\t\t\t<div class=\"elementor-column elementor-col-100 elementor-top-column elementor-element elementor-element-ebdc666\" data-id=\"ebdc666\" data-element_type=\"column\">\n\t\t\t<div class=\"elementor-widget-wrap elementor-element-populated\">\n\t\t\t\t\t\t<div class=\"elementor-element elementor-element-666702f elementor-widget elementor-widget-image\" data-id=\"666702f\" data-element_type=\"widget\" data-widget_type=\"image.default\">\n\t\t\t\t<div class=\"elementor-widget-container\">\n\t\t\t\t\t\t\t\t\t\t\t\t\t\t\t<img decoding=\"async\" width=\"270\" height=\"148\" src=\"https:\/\/maltrak.pl\/wp-content\/uploads\/2025\/05\/remmers.png\" class=\"attachment-large size-large wp-image-207\" alt=\"\" \/>\t\t\t\t\t\t\t\t\t\t\t\t\t\t\t<\/div>\n\t\t\t\t<\/div>\n\t\t\t\t\t<\/div>\n\t\t<\/div>\n\t\t\t\t\t<\/div>\n\t\t<\/section>\n\t\t\t\t<section class=\"elementor-section elementor-top-section elementor-element elementor-element-d721e50 elementor-section-boxed elementor-section-height-default elementor-section-height-default\" data-id=\"d721e50\" data-element_type=\"section\">\n\t\t\t\t\t\t<div class=\"elementor-container elementor-column-gap-default\">\n\t\t\t\t\t<div class=\"elementor-column elementor-col-100 elementor-top-column elementor-element elementor-element-7f43e87\" data-id=\"7f43e87\" data-element_type=\"column\">\n\t\t\t<div class=\"elementor-widget-wrap elementor-element-populated\">\n\t\t\t\t\t\t<div class=\"elementor-element elementor-element-5079c25 elementor-widget elementor-widget-text-editor\" data-id=\"5079c25\" data-element_type=\"widget\" data-widget_type=\"text-editor.default\">\n\t\t\t\t<div class=\"elementor-widget-container\">\n\t\t\t\t\t\t\t\t\t<ul class=\"l-pad-0--l u-hidden-list f-s--110 f-c--secondary nav-list animIn\" data-nav-list=\"\" data-slide-level=\"\"><li class=\"l-mar-25--b f-s--150 f--bold nav-item\">Farby i lakiery do drewna \/ Induline Systemy Przemys\u0142owe<\/li><li class=\"l-mar-10--b nav-item\" data-nav-item=\"\"><span class=\"\" data-nav-link=\"\">Lazury, farby i oleje do drewna dla majsterkowicz\u00f3w<\/span><\/li><li class=\"l-mar-10--b nav-item\" data-nav-item=\"\"><span class=\"\" data-nav-link=\"\">Lakiery, farby i bejce do drewna przeznaczone dla profesjonalist\u00f3w<\/span><\/li><li class=\"l-mar-10--b nav-item\" data-nav-item=\"\"><span class=\"\" data-nav-link=\"\">Induline &#8211; systemy przemys\u0142owe do okien i profili drewnianych<\/span><\/li><li class=\"l-mar-10--b nav-item\" data-nav-item=\"\"><span class=\"\" data-nav-link=\"\">Ochrona i renowacja drewna<\/span><\/li><\/ul>\t\t\t\t\t\t\t\t<\/div>\n\t\t\t\t<\/div>\n\t\t\t\t\t<\/div>\n\t\t<\/div>\n\t\t\t\t\t<\/div>\n\t\t<\/section>\n\t\t\t\t<\/div>\n\t\t","protected":false},"excerpt":{"rendered":"<p>Przedstawicielstwo Remmers &#8211; produkty dla bran\u017cy budowlanej i drzewnej Farby i lakiery do drewna \/ Induline Systemy Przemys\u0142owe Lazury, farby i oleje do drewna dla majsterkowicz\u00f3w Lakiery, farby i bejce do drewna przeznaczone dla profesjonalist\u00f3w Induline &#8211; systemy przemys\u0142owe do okien i profili drewnianych Ochrona i renowacja drewna<\/p>\n","protected":false},"author":1,"featured_media":0,"parent":0,"menu_order":0,"comment_status":"closed","ping_status":"closed","template":"","meta":{"footnotes":""},"class_list":["post-202","page","type-page","status-publish","hentry"],"_links":{"self":[{"href":"https:\/\/maltrak.pl\/index.php?rest_route=\/wp\/v2\/pages\/202","targetHints":{"allow":["GET"]}}],"collection":[{"href":"https:\/\/maltrak.pl\/index.php?rest_route=\/wp\/v2\/pages"}],"about":[{"href":"https:\/\/maltrak.pl\/index.php?rest_route=\/wp\/v2\/types\/page"}],"author":[{"embeddable":true,"href":"https:\/\/maltrak.pl\/index.php?rest_route=\/wp\/v2\/users\/1"}],"replies":[{"embeddable":true,"href":"https:\/\/maltrak.pl\/index.php?rest_route=%2Fwp%2Fv2%2Fcomments&post=202"}],"version-history":[{"count":7,"href":"https:\/\/maltrak.pl\/index.php?rest_route=\/wp\/v2\/pages\/202\/revisions"}],"predecessor-version":[{"id":217,"href":"https:\/\/maltrak.pl\/index.php?rest_route=\/wp\/v2\/pages\/202\/revisions\/217"}],"wp:attachment":[{"href":"https:\/\/maltrak.pl\/index.php?rest_route=%2Fwp%2Fv2%2Fmedia&parent=202"}],"curies":[{"name":"wp","href":"https:\/\/api.w.org\/{rel}","templated":true}]}}